{"id":84,"date":"2025-08-24T22:56:00","date_gmt":"2025-08-24T22:56:00","guid":{"rendered":"https:\/\/www.frikyx.store\/?post_type=product&#038;p=84"},"modified":"2026-01-11T21:57:35","modified_gmt":"2026-01-11T21:57:35","slug":"kesoku-band","status":"publish","type":"product","link":"https:\/\/www.frikyx.store\/?product=kesoku-band","title":{"rendered":"kesoku band"},"content":{"rendered":"<p data-start=\"300\" data-end=\"532\">Este pin o llavero en PLA est\u00e1 inspirado en el logo de <strong data-start=\"380\" data-end=\"395\">Kesoku Band<\/strong>, el grupo protagonista del anime <em data-start=\"429\" data-end=\"447\">Bocchi the Rock!<\/em> . Es un accesorio ideal para otakus, coleccionistas y amantes del anime musical.<\/p>\n<p data-start=\"534\" data-end=\"760\">Fabricado en <strong data-start=\"547\" data-end=\"575\">PLA resistente y liviano<\/strong>, combina dise\u00f1o n\u00edtido con materiales eco-friendly. Ll\u00e9valo en tu mochila, estuche o chaqueta y demuestra tu fanatismo por una de las series m\u00e1s queridas del rock y la cultura otaku.<\/p>\n","protected":false},"excerpt":{"rendered":"<p>Pin o llavero en PLA de <strong data-start=\"210\" data-end=\"225\">Kesoku Band<\/strong>, la banda de <em data-start=\"239\" data-end=\"257\">Bocchi the Rock!<\/em>. Perfecto para fans del anime musical.<\/p>\n","protected":false},"featured_media":76,"template":"","meta":[],"product_brand":[],"product_cat":[19,21],"product_tag":[],"class_list":{"0":"post-84","1":"product","2":"type-product","3":"status-publish","4":"has-post-thumbnail","6":"product_cat-anime","7":"product_cat-musica","9":"first","10":"instock","11":"shipping-taxable","12":"purchasable","13":"product-type-variable"},"jetpack_sharing_enabled":true,"_links":{"self":[{"href":"https:\/\/www.frikyx.store\/index.php?rest_route=\/wp\/v2\/product\/84","targetHints":{"allow":["GET"]}}],"collection":[{"href":"https:\/\/www.frikyx.store\/index.php?rest_route=\/wp\/v2\/product"}],"about":[{"href":"https:\/\/www.frikyx.store\/index.php?rest_route=\/wp\/v2\/types\/product"}],"wp:featuredmedia":[{"embeddable":true,"href":"https:\/\/www.frikyx.store\/index.php?rest_route=\/wp\/v2\/media\/76"}],"wp:attachment":[{"href":"https:\/\/www.frikyx.store\/index.php?rest_route=%2Fwp%2Fv2%2Fmedia&parent=84"}],"wp:term":[{"taxonomy":"product_brand","embeddable":true,"href":"https:\/\/www.frikyx.store\/index.php?rest_route=%2Fwp%2Fv2%2Fproduct_brand&post=84"},{"taxonomy":"product_cat","embeddable":true,"href":"https:\/\/www.frikyx.store\/index.php?rest_route=%2Fwp%2Fv2%2Fproduct_cat&post=84"},{"taxonomy":"product_tag","embeddable":true,"href":"https:\/\/www.frikyx.store\/index.php?rest_route=%2Fwp%2Fv2%2Fproduct_tag&post=84"}],"curies":[{"name":"wp","href":"https:\/\/api.w.org\/{rel}","templated":true}]}}